3*q - 34 = -0*z - 2*z, z = -3*q + 35. Suppose -2*m + 7*m = 165. What is the remainder when m is divided by q?
9
Suppose 2*x + 68 = 2*f, -4 = -0*x + 2*x. Let s = f - -46. Calculate the remainder when s is divided by 20.
18
Suppose m = 4*m + 6. Let b be m/3 - (-38)/(-6). Let s = 4 - b. What is the remainder when s is divided by 6?
5
Suppose 0 = 3*z + 2*b - 16, 5*z - 28 = -0*b - 3*b. What is the remainder when 134 is divided by z?
6
Let i = -16 - -27. Calculate the remainder when 63 is divided by i.
8
Suppose -2*a + 4*h + 24 = -a, -5*h - 52 = -4*a. Let o = 331 + -294. Calculate the remainder when o is divided by a.
5
Let s(g) = -21*g - 8. What is the remainder when s(-4) is divided by 26?
24
Let u(n) = n**3 + 6*n**2 - 9*n - 11. Calculate the remainder when 11 is divided by u(-7).
2
Suppose 9*q - 14 = -5. Suppose 4*t - 3*t = 9. What is the remainder when q*1/(-5)*-85 is divided by t?
8
Let g(n) = -5*n**2 - 3 + 0 + n + 6*n**2. Let r be g(-6). Let f = r + -19. What is the remainder when f is divided by 3?
2
Suppose 0 = -2*q - 0*q. Suppose q*s + 4 = -4*s. Let r = 6 + s. Calculate the remainder when r is divided by 3.
2
Suppose v + 0*v = 4*c - 5, -5*c = -5*v + 5. Suppose 3*s = m - 29, m = c*m + 2*s - 9. What is the remainder when m is divided by 9?
8
Suppose 4*o = 5*s + 22, o - 5*o = 3*s - 6. Suppose -o*c + 40 = 10. What is the remainder when 17 is divided by c?
7
Let g(m) = 14*m**2 - 2*m - 1. Let b be g(3). Suppose 2*q - 7 + 1 = 0, 4*u - b = 3*q. What is the remainder when u is divided by 9?
5
Let n = -1 + 2. Let f(y) = 7*y**3 - 2*y**2 + y. Calculate the remainder when 16 is divided by f(n).
4
Let v(p) = -p**2 - 5*p + 3. Let u be v(-6). What is the remainder when 15 is divided by (-23)/u - (-4)/12?
7
Suppose -4*k + 106 = -154. Suppose -2*t + 2*o + k = 3*t, -52 = -4*t + 5*o. What is the remainder when t is divided by 7?
6
Suppose -2*o = -a + 3*o - 17, -1 = -2*a + 3*o. Let y(g) = 3*g + 10. Let r be y(-5). Let n = r + 8. What is the remainder when a is divided by n?
2
Let s = 92 + -69. What is the remainder when s is divided by 12?
11
Let u = -62 - -118. Let x = -52 + 32. Let p = x - -39. Calculate the remainder when u is divided by p.
18
Let x = 3 + -3. Suppose 3*u = 6 - x. Calculate the remainder when u is divided by 2.
0
Suppose 3*j - b = 17, 7*j - 3*j - 5*b = 8. Calculate the remainder when 4/2 - (-23 - 0) is divided by j.
4
Suppose -4*s - 1 - 11 = -2*g, -s - 23 = -3*g. Let a = 94 - 79. Calculate the remainder when a is divided by g.
7
Suppose q + 2 = 6. Let b(f) = f**3 - f**2 - 7*f + 6. Calculate the remainder when b(q) is divided by 58/6 - 4/6.
8
Suppose -5 = -3*x + 7. Suppose -p - x*h = -70, 3*p = -2*p - h + 255. What is the remainder when p is divided by 13?
11
Let z = 5 + -1. Let r = -75 + 79. Suppose 3*a - z - 1 = h, 4*h - 44 = -r*a. Calculate the remainder when h is divided by 2.
1
Let x = 18 + -16. Calculate the remainder when 4 is divided by x.
0
Suppose 5*a + 4*i - 274 = 403, -5*i - 147 = -a. What is the remainder when a is divided by 20?
17
Let m = -7 - -30. Suppose 8 = -5*j - 2*s + 46, 2*j - 3*s = 19. Calculate the remainder when m is divided by j.
7
Suppose 4*t + c - 32 + 9 = 0, 3*t + 2*c = 16. Calculate the remainder when 21 is divided by t.
3
Suppose -85 = -3*s + o, -3*o + 86 = 3*s - 5*o. What is the remainder when 55 is divided by s?
27
What is the remainder when (-17 + 1)/((-1)/((-3)/(-2))) is divided by 7?
3
Let z = 41 + 3. What is the remainder when z is divided by 18?
8
Suppose 21*t - 40 = 16*t. What is the remainder when (-246)/(-8) - 6/t is divided by 16?
14
Suppose -41*f + 46*f - 70 = 0. Calculate the remainder when 82 is divided by f.
12
Let y be (1*-1)/((-3)/9). Suppose 4*k = 20, 5*k + 225 = y*t + 2*k. Suppose x - t + 16 = -4*r, x = -r + 19. What is the remainder when 29 is divided by r?
14
Suppose 5*t + 0*v = 5*v + 115, -4*v + 28 = 2*t. Let k = 16 - -61. Calculate the remainder when k is divided by t.
17
Calculate the remainder when 10 is divided by 8/(-5)*40/(-16).
2
Let z be -6*2/4 + 5. Suppose 2 = z*j - 2. Calculate the remainder when 7 is divided by j.
1
Suppose -i - 27 = 4*v, 5*i + 5*v - 15 = -120. What is the remainder when i/(-2*(-2)/(-12)) is divided by 20?
17
Let s = 4 - -2. Let d = -4 + 1. Let b(w) = -w**3 - 2*w**2 - 3*w - 2. Calculate the remainder when b(d) is divided by s.
4
Let t(r) = r**3 - 2*r**2 - r - 1. Let v be t(-2). Let f = v + 25. What is the remainder when 28 is divided by f?
8
Let g = 4 + 1. Suppose -2*r + 0*c + g*c = 17, -7 = -3*r + c. What is the remainder when 7 is divided by r?
3
Let l = 9 + -2. Let i(q) = q**2 - 6. What is the remainder when i(5) is divided by l?
5
Let n = 83 - 30. What is the remainder when n is divided by 19?
15
What is the remainder when 174 is divided by (-2 + 3 - -31) + -1 + 4?
34
Suppose -d - d = 5*m + 15, 5*d - 3*m - 40 = 0. Calculate the remainder when d is divided by ((-8)/(-10))/((-1)/(-5)).
1
Let w(m) = -3*m - 2. What is the remainder when 14 is divided by w(-2)?
2
Let i(a) = -a**2 - 7*a + 7. What is the remainder when 20 is divided by i(-7)?
6
Let s be (-58)/((-2)/(1 - 0)). Let z = 44 - s. Calculate the remainder when 24 is divided by z.
9
Suppose 5 = n + 1. Let h = -8 - 6. Calculate the remainder when (-64)/(-6) + h/21 is divided by n.
2
Let h = -3 - -5. Suppose -o = -2*c + 1, -2*c - h = -2*o - 0. Calculate the remainder when (-60)/(-14) + (-4)/14 is divided by o.
1
Suppose -14*h + 18*h - 20 = 0. Suppose -2*z - h*k = 13, -2*z + 4*k + 18 = 4. Calculate the remainder when z is divided by 1.
0
Suppose 3*d - 33 = -3*z, 14 = d + z - 3*z. Calculate the remainder when 47 is divided by d.
11
Let p(m) = m**3 + 5*m**2 - 4*m + 1. Suppose 1 = -0*b + 3*b - 4*z, -5*b = -4*z + 9. Calculate the remainder when p(b) is divided by 11.
10
Suppose 0 = 2*d - 0*d - 34. Let s = -2 + d. Calculate the remainder when 29 is divided by s.
14
Let m = -37 - -69. What is the remainder when m is divided by 11?
10
Let r = 105 + -42. Calculate the remainder when r is divided by 16.
15
Suppose 5*h = 3*a + 178, -1 - 7 = -2*a. Let f = h + -23. Calculate the remainder when 42 is divided by f.
12
Suppose -6 - 10 = -2*x. Suppose -5*z + 22 + 8 = 0. Suppose z*r - 28 = 4*r. Calculate the remainder when r is divided by x.
6
Let z(x) = -x - 1 + 3 - x + 0*x. Let a be z(-3). What is the remainder when (4/(-1))/(a/(-52)) is divided by 14?
12
Suppose -39 = -3*o - 18. Let c be ((-9)/(-6))/((-2)/20). Let y = -2 - c. Calculate the remainder when y is divided by o.
6
Suppose -260 = -7*b + 2*b. Calculate the remainder when b is divided by 14.
10
Let r = 23 - 15. Let k = 55 - 40. Calculate the remainder when k is divided by r.
7
Suppose -3*l - 9 = 5*x, -4*l = -l - 4*x - 18. Suppose 0*i = l*i - 26. Calculate the remainder when 37 is divided by i.
11
Let h(n) = -4*n + 4 + 7*n**2 - 4*n**2 - 2. Let x = 235 - 169. What is the remainder when x is divided by h(3)?
15
Let d(y) = -y**3 + 3*y**2 - 1. What is the remainder when 1/4 - 30/(-8) is divided by d(2)?
1
Let m(h) = 6*h - 14. Calculate the remainder when 17 is divided by m(4).
7
Suppose 5*o + 30 = 2*m + 3*m, -5*m + 26 = -4*o. What is the remainder when 192/18 + m/6 is divided by (3/2)/(3/8)?
3
Let o be 232/(-24) - 4/3. Let c = 5 - o. What is the remainder when 62 is divided by c?
14
Let l(o) = -37*o + 4. Let h be l(-2). What is the remainder when (2/(-3))/((-2)/h) is divided by 9?
8
Suppose 13*k - 352 - 506 = 0. Calculate the remainder when k is divided by 18.
12
Let l be (-1 - -4) + 120/(-2). Let o be l/(-3)*1 + -3. Suppose 0*x - 2*x + o = 0. Calculate the remainder when 31 is divided by x.
7
Suppose 5 = 10*y - 45. What is the remainder when 19 is divided by y?
4
Suppose 0 = 4*j - j - 42. Let p = 86 - 31. What is the remainder when p is divided by j?
13
Let p be (-2 - -56)*(0 + -1). Suppose -168 = 3*y - 63. Let l = y - p. Calculate the remainder when l is divided by 11.
8
Let b(v) = -v + 7. Let z be b(9). Let q(o) = 37*o - 1. What is the remainder when q(1) is divided by z + 1/(2/42)?
17
Let r be 5/2 - (-1)/2. Suppose -r*d + 40 = 2*d. What is the remainder when (2 + -1)*(24 + -2) is divided by d?
6
Let m = 19 - 3. Let y = -1 + m. What is the remainder when 57 is divided by y?
12
Let y(u) = 2*u + 1. Let t be ((-18)/(-6))/(2/4). Suppose -t = -2*r + 10. Calculate the rem